{"id":145,"date":"2022-07-22T16:37:31","date_gmt":"2022-07-22T16:37:31","guid":{"rendered":"http:\/\/tecniserv-lg.rf.gd\/home\/"},"modified":"2024-08-22T04:14:21","modified_gmt":"2024-08-22T04:14:21","slug":"home-2","status":"publish","type":"page","link":"https:\/\/secadoras.tecniserv.com.co\/","title":{"rendered":"Inicio"},"content":{"rendered":"\n\n\n\n\n\n\n\n<h4>Bienvenido a TecniservLG<\/h4>\n\n<p><font color=\"#666666\">Somos especialistas en el servicio tecnico, reparaci\u00f3n, instalaci\u00f3n y mantenimiento de electrodom\u00e9sticos como secadoras, neveras y dem\u00e1s aparatos de la marca LG en Cartagena de Indias y zonas cercanas.<\/font><\/p>\n<p><font color=\"#666666\">Con mas de 10 a\u00f1os de experiencia en el sector tecnico, puede estar seguro de que su electrodom\u00e9stico estar\u00e1 seguro con nosotros. Estamos altamente calificados para realizar nuestro trabajo, ya sea mantenimientos, reparaciones, instalaciones y dem\u00e1s, puede contar con nosotros.&nbsp;<br>No dude en <a style=\"color:blue;\" href=\"tel:\/\/3233380209\" target=\"_blank\" rel=\"noopener\">llamarnos<\/a>\npara consultar!<\/font><\/p>\n\n\n\n\n\n<h2 style=\"font-family: Tahoma; text-align: center;\">Servicios<\/h2>\n\n\n<p style=\"text-align: center;\"><span style=\"font-weight: bolder; text-align: center;\">Los principales servicios que ofrecemos los encontrara listados ac\u00e1 abajo, pero si necesita algo en especifico no dude en contactarnos!<\/span><br><\/p>\n\n<p style=\"text-align: center;\"><span style=\"color: rgb(64, 64, 64); font-family: &quot;Segoe UI&quot;, Roboto, Oxygen-Sans, Ubuntu, Cantarell, &quot;Helvetica Neue&quot;, sans-serif; font-size: 16px; font-weight: 700; letter-spacing: normal; \">Todos nuestros servicios se ofrecen a domicilio en Cartagena de Indias y sus cercan\u00edas!<\/span><br><\/p>\n\n\n\n\n\n<h2 style=\"font-family: Tahoma; text-align: center;\">Reparaci\u00f3n<\/h2>\n\n<p><span style=\"text-align: center\">Ofrecemos reparaciones en todos los electrodom\u00e9sticos de la marca LG, ya sea por falta de gas, si se ha roto un tubo o tuber\u00eda, tu nevera no enfr\u00eda, tu lavadora suelta grasa al lavar, tu secadora no funciona bien, tu estufa u horno tienen una fuga de gas, Puedes estar segur@ que podemos resolverlo! solo debes <a style=\"color:blue;\" href=\"tel:\/\/3233380209\" target=\"_blank\" rel=\"noopener\">llamarnos<\/a> o enviarnos un mensaje por <a style=\"color:lime;\" href=\"https:\/\/wa.me\/573233380209?text=Me%20interesa%20contratar%20sus%20servicios\" target=\"_blank\" rel=\"noopener\">WhatsApp<\/a><\/span><br><\/p>\n\n\n\n\n\n\n\n\n<h2 style=\"font-family: Tahoma; text-align: center;\">Mantenimiento<\/h2>\n\n<p style=\"text-align: center;\">Tu electrodom\u00e9stico empez\u00f3 a funcionar de forma extra\u00f1a? a veces no enciende o no cumple con su funci\u00f3n correctamente? o tan solo quieres hacerle un mantenimiento para prevenir futuros da\u00f1os? puedes contar con nosotros para todas estas y otras ocasiones!<br> <a style=\"color:blue;\" href=\"https:\/\/wa.me\/573233380209?text=Me%20interesa%20contratar%20sus%20servicios\" target=\"_blank\" rel=\"noopener\">Agenda tu cita ahora!<\/a>\n\n\n\n\n\n\n\n\n<h2 style=\"font-family: Tahoma; text-align: center;\">Instalaci\u00f3n<\/h2>\n\n<p style=\"text-align: center;\">Compraste una nueva nevera pero no sabes donde o como instalarla? quieres usar tu nueva estufa pero no sabes como instalar el tubo de gas? Quieres cambiar de lugar tu lavadora? Nosotros lo hacemos por ti! Estamos certificados y contamos con las herramientas indicadas.<br><a style=\"color:lightgreen;\" href=\"https:\/\/wa.me\/573233380209?text=Me%20interesa%20contratar%20sus%20servicios\" target=\"_blank\" rel=\"noopener\">Consulta los precios!<\/a><br><\/p>\n\n\n\n\n\n\n\n\n<h2 style=\"font-family: Tahoma; text-align: center;\">Limpieza<\/h2>\n\n<p style=\"text-align: center;\">Tu electrodom\u00e9stico esta sucio y no sabes con que limpiarlo sin echar a perder la pintura? Contamos con concentrados especiales para limpiar todo tipo de electrodom\u00e9sticos sin dejar ni una mancha y hacerlos quedar como nuevos!<br>No pierdas tiempo y \n<a style=\"color:blue;\" href=\"tel:\/\/3233380209\" target=\"_blank\" rel=\"noopener\">cont\u00e1ctanos ahora!<\/a>\n<br>\n<\/p>\n\n\n\n\n\n\n\n\n\n\n<h2 style=\"font-family: Tahoma; text-align: center;\">\u00bfPor qu\u00e9 confiar en nosotros?<\/h2>\n\n\n\n\n\n\n<h2 style=\"font-family: Tahoma; text-align: center;\">Experiencia<\/h2><p><span style=\"font-family:Tahoma;\"><\/span><\/p>\n\n<p style=\"text-align: center;\">Despu\u00e9s de mas de 10 a\u00f1os de trabajo, estamos completamente seguros de lo que hablamos cuando decimos que tenemos experiencia en el \u00e1rea de servicio tecnico, reparaciones e instalaciones de electrodom\u00e9sticos de la marca LG. Adem\u00e1s de contar con las mejores herramientas para nuestro trabajo obviamente. No dude de nuestra capacidad al trabajar!\n<br>No esperes mas y\n<a style=\"color:lightgreen;\" href=\"https:\/\/wa.me\/573233380209?text=Me%20interesa%20contratar%20sus%20servicios\" target=\"_blank\" rel=\"noopener\">escribenos!<\/a>\n<br>\n<\/p>\n\n\n\n\n\n\n\n\n<h2 style=\"font-family: Tahoma; text-align: center;\">Certificaci\u00f3n<\/h2><p><span style=\"font-family:Tahoma;\"><\/span><\/p>\n\n<p style=\"text-align: center;\">Todos nuestros t\u00e9cnicos est\u00e1n certificados, entrenados y especializados en su trabajo, saben lo que hacen mejor que nadie, as\u00ed que su electrodom\u00e9stico, ya sea lavadora, nevera, secadora, estufa u horno, esta en las mejores manos posibles! No debe preocuparse al dejar sus cosas en nuestras manos, ya que estamos completamente capacitados para lo que hacemos!\n<br>Estamos esperando tu  \n<a style=\"color:blue;\" href=\"tel:\/\/3233380209\" target=\"_blank\" rel=\"noopener\">llamada!<\/a>\n<br>\n<\/p>\n\n\n\n\n\n\n\n<h2 style=\"font-family: Tahoma; text-align: center;\">Servicio tecnico autorizado<\/h2><p><span style=\"font-family:Tahoma;\"><\/span><\/p>\n<p style=\"text-align: center;\">Somos una compa\u00f1ia que ofrece servicios de calidad.<br>Estamos comprometidos con lo que hacemos, realizando nuestros trabajos con excelencia para garantizar la satisfaccion del cliente de forma eficaz y rapida. \n<br>\nContactanos haciendo \n<a href=\"tel:\/\/3233380209\" target=\"_blank\" rel=\"noopener\" style=\"color: blue;\"> Click Aqui!<\/a>\n<\/br>\n<\/p>\n\n\n\n\n\n\n","protected":false},"excerpt":{"rendered":"","protected":false},"author":1,"featured_media":0,"parent":0,"menu_order":0,"comment_status":"closed","ping_status":"closed","template":"","meta":{"om_disable_all_campaigns":false,"_monsterinsights_skip_tracking":false,"_monsterinsights_sitenote_active":false,"_monsterinsights_sitenote_note":"","_monsterinsights_sitenote_category":0},"aioseo_notices":[],"_links":{"self":[{"href":"https:\/\/secadoras.tecniserv.com.co\/index.php\/wp-json\/wp\/v2\/pages\/145"}],"collection":[{"href":"https:\/\/secadoras.tecniserv.com.co\/index.php\/wp-json\/wp\/v2\/pages"}],"about":[{"href":"https:\/\/secadoras.tecniserv.com.co\/index.php\/wp-json\/wp\/v2\/types\/page"}],"author":[{"embeddable":true,"href":"https:\/\/secadoras.tecniserv.com.co\/index.php\/wp-json\/wp\/v2\/users\/1"}],"replies":[{"embeddable":true,"href":"https:\/\/secadoras.tecniserv.com.co\/index.php\/wp-json\/wp\/v2\/comments?post=145"}],"version-history":[{"count":8,"href":"https:\/\/secadoras.tecniserv.com.co\/index.php\/wp-json\/wp\/v2\/pages\/145\/revisions"}],"predecessor-version":[{"id":165,"href":"https:\/\/secadoras.tecniserv.com.co\/index.php\/wp-json\/wp\/v2\/pages\/145\/revisions\/165"}],"wp:attachment":[{"href":"https:\/\/secadoras.tecniserv.com.co\/index.php\/wp-json\/wp\/v2\/media?parent=145"}],"curies":[{"name":"wp","href":"https:\/\/api.w.org\/{rel}","templated":true}]}}